{"id":5298,"date":"2023-04-21T06:09:44","date_gmt":"2023-04-21T06:09:44","guid":{"rendered":"https:\/\/www.wittker-partners.com\/engineering\/?page_id=5298"},"modified":"2023-05-16T12:24:17","modified_gmt":"2023-05-16T12:24:17","slug":"impressum","status":"publish","type":"page","link":"https:\/\/www.wittker-partners.com\/engineering\/impressum\/","title":{"rendered":"IMPRESSUM"},"content":{"rendered":"<p><div class=\"fusion-fullwidth fullwidth-box fusion-builder-row-1 fusion-flex-container has-pattern-background has-mask-background fusion-parallax-none data-security-banner nonhundred-percent-fullwidth non-hundred-percent-height-scrolling\" style=\"--awb-border-radius-top-left:0px;--awb-border-radius-top-right:0px;--awb-border-radius-bottom-right:0px;--awb-border-radius-bottom-left:0px;--awb-padding-top:120px;--awb-padding-right:0px;--awb-padding-bottom:130px;--awb-padding-left:0px;--awb-padding-top-small:40px;--awb-padding-bottom-small:50px;--awb-margin-top:0px;--awb-margin-bottom:0px;--awb-background-color:var(--awb-color5);--awb-background-image:linear-gradient(230deg, rgba(25,47,56,0.4) 0%,#192e37 85%),url(http:\/\/www.wittker-partners.com\/engineering\/wp-content\/uploads\/sites\/2\/2023\/03\/iStock-1347197740-1.jpg);;--awb-background-size:cover;\" ><div class=\"fusion-builder-row fusion-row fusion-flex-align-items-flex-start\" style=\"max-width:1248px;margin-left: calc(-4% \/ 2 );margin-right: calc(-4% \/ 2 );\"><div class=\"fusion-layout-column fusion_builder_column fusion-builder-column-0 fusion_builder_column_2_3 2_3 fusion-flex-column\" style=\"--awb-padding-top:0px;--awb-padding-right:35px;--awb-padding-bottom:0px;--awb-padding-right-medium:35px;--awb-padding-left-medium:35px;--awb-padding-top-small:0px;--awb-padding-right-small:0px;--awb-padding-bottom-small:0px;--awb-padding-left-small:35px;--awb-bg-size:cover;--awb-border-color:hsla(calc(12 + 31),100%,71%,100%);--awb-border-left:0;--awb-border-style:solid;--awb-width-large:66.666666666667%;--awb-margin-top-large:0px;--awb-spacing-right-large:2.88%;--awb-margin-bottom-large:0px;--awb-spacing-left-large:2.88%;--awb-width-medium:66.666666666667%;--awb-order-medium:0;--awb-spacing-right-medium:2.88%;--awb-spacing-left-medium:2.88%;--awb-width-small:100%;--awb-order-small:0;--awb-spacing-right-small:1.92%;--awb-spacing-left-small:1.92%;\"><div class=\"fusion-column-wrapper fusion-column-has-shadow fusion-flex-justify-content-flex-start fusion-content-layout-column\"><div class=\"fusion-title title fusion-title-1 fusion-sep-none fusion-title-text fusion-title-size-one irh-vorteil-title\" style=\"--awb-text-color:#ffffff;--awb-margin-top:0px;--awb-margin-bottom:20px;--awb-font-size:58px;\"><h1 class=\"title-heading-left fusion-responsive-typography-calculated\" style=\"font-family:&quot;TT Commons Medium&quot;;font-style:normal;font-weight:400;margin:0;font-size:1em;letter-spacing:var(--awb-typography1-letter-spacing);text-transform:var(--awb-typography1-text-transform);--fontSize:58;line-height:1;\">IMPRESSUM<\/h1><\/div><\/div><\/div><\/div><\/div><div class=\"fusion-fullwidth fullwidth-box fusion-builder-row-2 fusion-flex-container has-pattern-background has-mask-background nonhundred-percent-fullwidth non-hundred-percent-height-scrolling\" style=\"--awb-border-radius-top-left:0px;--awb-border-radius-top-right:0px;--awb-border-radius-bottom-right:0px;--awb-border-radius-bottom-left:0px;--awb-padding-bottom:20px;--awb-margin-top:80px;\" ><div class=\"fusion-builder-row fusion-row fusion-flex-align-items-flex-start\" style=\"max-width:1248px;margin-left: calc(-4% \/ 2 );margin-right: calc(-4% \/ 2 );\"><div class=\"fusion-layout-column fusion_builder_column fusion-builder-column-1 fusion_builder_column_1_3 1_3 fusion-flex-column\" style=\"--awb-bg-size:cover;--awb-width-large:33.333333333333%;--awb-margin-top-large:0px;--awb-spacing-right-large:5.76%;--awb-margin-bottom-large:20px;--awb-spacing-left-large:5.76%;--awb-width-medium:33.333333333333%;--awb-order-medium:0;--awb-spacing-right-medium:5.76%;--awb-spacing-left-medium:5.76%;--awb-width-small:100%;--awb-order-small:0;--awb-spacing-right-small:1.92%;--awb-spacing-left-small:1.92%;\"><div class=\"fusion-column-wrapper fusion-column-has-shadow fusion-flex-justify-content-flex-start fusion-content-layout-column\"><div class=\"fusion-title title fusion-title-2 fusion-sep-none fusion-title-text fusion-title-size-six\" style=\"--awb-text-color:var(--awb-color2);--awb-margin-bottom:0px;--awb-font-size:26px;\"><h6 class=\"title-heading-left fusion-responsive-typography-calculated\" style=\"font-family:&quot;TT Commons Medium&quot;;font-style:normal;font-weight:400;margin:0;font-size:1em;--fontSize:26;line-height:1.2;\">IMPRESSUM<\/h6><\/div><div class=\"fusion-text fusion-text-1\" style=\"--awb-font-size:26px;--awb-line-height:1.2;--awb-text-font-family:&quot;TT Commons Light&quot;;--awb-text-font-style:normal;--awb-text-font-weight:400;\"><p>Wittker + Partners GmbH<br \/>\nRobert-Koch-Stra\u00dfe 39<br \/>\n55129 Mainz<br \/>\nTel: <a href=\"tel:+49 (0) 6131 60 081 10\">+49 (0) 6131 60 081 10<\/a><br \/>\nFax <a href=\"tel:+49 (0) 6131 60 081 50\">+49 (0) 6131 60 081 50<\/a><br \/>\n<a href=\"mailto:info@wittker-partners.com\">info@wittker-partners.com<\/a><\/p>\n<\/div><\/div><\/div><div class=\"fusion-layout-column fusion_builder_column fusion-builder-column-2 fusion_builder_column_2_3 2_3 fusion-flex-column\" style=\"--awb-bg-size:cover;--awb-width-large:66.666666666667%;--awb-margin-top-large:0px;--awb-spacing-right-large:2.88%;--awb-margin-bottom-large:20px;--awb-spacing-left-large:2.88%;--awb-width-medium:66.666666666667%;--awb-order-medium:0;--awb-spacing-right-medium:2.88%;--awb-spacing-left-medium:2.88%;--awb-width-small:100%;--awb-order-small:0;--awb-spacing-right-small:1.92%;--awb-spacing-left-small:1.92%;\"><div class=\"fusion-column-wrapper fusion-column-has-shadow fusion-flex-justify-content-flex-start fusion-content-layout-column\"><div class=\"fusion-title title fusion-title-3 fusion-sep-none fusion-title-text fusion-title-size-six\" style=\"--awb-text-color:var(--awb-color2);--awb-margin-bottom:0px;--awb-font-size:26px;\"><h6 class=\"title-heading-left fusion-responsive-typography-calculated\" style=\"font-family:&quot;TT Commons Medium&quot;;font-style:normal;font-weight:400;margin:0;font-size:1em;--fontSize:26;line-height:1.2;\">GESCH\u00c4FTSF\u00dcHRER:<\/h6><\/div><div class=\"fusion-text fusion-text-2\" style=\"--awb-font-size:26px;--awb-line-height:1.2;--awb-text-font-family:&quot;TT Commons Light&quot;;--awb-text-font-style:normal;--awb-text-font-weight:400;\"><p>Alexander Wittker<br \/>\nHRB 45282 Amtsgericht Mainz<br \/>\nSitz der Gesellschaft: Mainz<br \/>\nUST-ID No. DE 301528973<br \/>\nInhaltlich Verantwortlich gem. \u00a710 Abs. 3 MDS + V: Alexander Wittker<\/p>\n<\/div><\/div><\/div><\/div><\/div><div class=\"fusion-fullwidth fullwidth-box fusion-builder-row-3 fusion-flex-container has-pattern-background has-mask-background nonhundred-percent-fullwidth non-hundred-percent-height-scrolling\" style=\"--awb-border-radius-top-left:0px;--awb-border-radius-top-right:0px;--awb-border-radius-bottom-right:0px;--awb-border-radius-bottom-left:0px;--awb-padding-top:20px;--awb-padding-bottom:30px;--awb-padding-right-medium:30px;--awb-padding-left-medium:30px;--awb-padding-top-small:30px;--awb-margin-top:0px;--awb-background-color:var(--awb-color5);\" ><div class=\"fusion-builder-row fusion-row fusion-flex-align-items-flex-start\" style=\"max-width:1248px;margin-left: calc(-4% \/ 2 );margin-right: calc(-4% \/ 2 );\"><div class=\"fusion-layout-column fusion_builder_column fusion-builder-column-3 fusion_builder_column_1_2 1_2 fusion-flex-column\" style=\"--awb-bg-size:cover;--awb-width-large:50%;--awb-margin-top-large:0px;--awb-spacing-right-large:3.84%;--awb-margin-bottom-large:20px;--awb-spacing-left-large:3.84%;--awb-width-medium:50%;--awb-order-medium:0;--awb-spacing-right-medium:3.84%;--awb-spacing-left-medium:3.84%;--awb-width-small:100%;--awb-order-small:0;--awb-spacing-right-small:1.92%;--awb-spacing-left-small:1.92%;\"><div class=\"fusion-column-wrapper fusion-column-has-shadow fusion-flex-justify-content-flex-start fusion-content-layout-column\"><div class=\"fusion-text fusion-text-3 data-security-text\" style=\"--awb-font-size:26px;--awb-line-height:1.2;--awb-text-font-family:&quot;TT Commons Light&quot;;--awb-text-font-style:normal;--awb-text-font-weight:400;\"><p>Alle T\u00f6ne, Texte und Bilder auf dieser Website sind urheberrechtlich gesch\u00fctzt und d\u00fcrfen ohne Erlaubnis des Betreibers dieser Website weder reproduziert noch \u00f6ffentlich weitergegeben oder f\u00fcr gewerbliche Zwecke benutzt werden.<br \/>\nHaftungshinweis<\/p>\n<p>Soweit auf dieser Website durch Links auf externe Seiten im Internet (alle Seiten unter einer anderen Domain als wittker-partners.com) verwiesen wird, erkl\u00e4rt der Betreiber dieser Website ausdr\u00fccklich, dass er keinerlei Einfluss auf Gestaltung und Inhalte der verlinkten Seiten hat. Deshalb \u00fcbernimmt der Betreiber dieser Website trotz sorgf\u00e4ltiger inhaltlicher Kontrolle bei der Erstellung der Links keine Haftung f\u00fcr die Inhalte externer Seiten.<\/p>\n<\/div><\/div><\/div><div class=\"fusion-layout-column fusion_builder_column fusion-builder-column-4 fusion_builder_column_1_2 1_2 fusion-flex-column\" style=\"--awb-bg-size:cover;--awb-width-large:50%;--awb-margin-top-large:0px;--awb-spacing-right-large:3.84%;--awb-margin-bottom-large:20px;--awb-spacing-left-large:3.84%;--awb-width-medium:50%;--awb-order-medium:0;--awb-spacing-right-medium:3.84%;--awb-spacing-left-medium:3.84%;--awb-width-small:100%;--awb-order-small:0;--awb-spacing-right-small:1.92%;--awb-spacing-left-small:1.92%;\"><div class=\"fusion-column-wrapper fusion-column-has-shadow fusion-flex-justify-content-flex-start fusion-content-layout-column\"><div class=\"fusion-text fusion-text-4 data-security-text\" style=\"--awb-font-size:26px;--awb-line-height:1.2;--awb-text-font-family:&quot;TT Commons Light&quot;;--awb-text-font-style:normal;--awb-text-font-weight:400;\"><p>F\u00fcr den Inhalt der verlinkten Seiten sind ausschlie\u00dflich deren Betreiber verantwortlich. Der Betreiber dieser Website distanziert sich hiermit ausdr\u00fccklich (im Sinne des Beschlusses des Landesgerichts Hamburg vom 12. Mai 1998) von allen Inhalten aller verlinkten Seiten Dritter und macht sich diese Inhalte nicht zu eigen. Diese Erkl\u00e4rung gilt f\u00fcr alle Inhalte aller Seiten, zu denen Links f\u00fchren.<\/p>\n<\/div><\/div><\/div><\/div><\/div><\/p>\n","protected":false},"excerpt":{"rendered":"","protected":false},"author":1,"featured_media":0,"parent":0,"menu_order":0,"comment_status":"closed","ping_status":"closed","template":"100-width.php","meta":[],"yoast_head":"<!-- This site is optimized with the Yoast SEO plugin v20.2.1 - https:\/\/yoast.com\/wordpress\/plugins\/seo\/ -->\n<title>IMPRESSUM - Engineering<\/title>\n<meta name=\"robots\" content=\"index, follow, max-snippet:-1, max-image-preview:large, max-video-preview:-1\" \/>\n<link rel=\"canonical\" href=\"https:\/\/www.wittker-partners.com\/engineering\/impressum\/\" \/>\n<meta property=\"og:locale\" content=\"en_US\" \/>\n<meta property=\"og:type\" content=\"article\" \/>\n<meta property=\"og:title\" content=\"IMPRESSUM - Engineering\" \/>\n<meta property=\"og:url\" content=\"https:\/\/www.wittker-partners.com\/engineering\/impressum\/\" \/>\n<meta property=\"og:site_name\" content=\"Engineering\" \/>\n<meta property=\"article:modified_time\" content=\"2023-05-16T12:24:17+00:00\" \/>\n<meta name=\"twitter:card\" content=\"summary_large_image\" \/>\n<meta name=\"twitter:label1\" content=\"Est. reading time\" \/>\n\t<meta name=\"twitter:data1\" content=\"8 minutes\" \/>\n<script type=\"application\/ld+json\" class=\"yoast-schema-graph\">{\"@context\":\"https:\/\/schema.org\",\"@graph\":[{\"@type\":\"WebPage\",\"@id\":\"https:\/\/www.wittker-partners.com\/engineering\/impressum\/\",\"url\":\"https:\/\/www.wittker-partners.com\/engineering\/impressum\/\",\"name\":\"IMPRESSUM - Engineering\",\"isPartOf\":{\"@id\":\"https:\/\/www.wittker-partners.com\/engineering\/#website\"},\"datePublished\":\"2023-04-21T06:09:44+00:00\",\"dateModified\":\"2023-05-16T12:24:17+00:00\",\"breadcrumb\":{\"@id\":\"https:\/\/www.wittker-partners.com\/engineering\/impressum\/#breadcrumb\"},\"inLanguage\":\"en-US\",\"potentialAction\":[{\"@type\":\"ReadAction\",\"target\":[\"https:\/\/www.wittker-partners.com\/engineering\/impressum\/\"]}]},{\"@type\":\"BreadcrumbList\",\"@id\":\"https:\/\/www.wittker-partners.com\/engineering\/impressum\/#breadcrumb\",\"itemListElement\":[{\"@type\":\"ListItem\",\"position\":1,\"name\":\"Home\",\"item\":\"https:\/\/www.wittker-partners.com\/engineering\/\"},{\"@type\":\"ListItem\",\"position\":2,\"name\":\"IMPRESSUM\"}]},{\"@type\":\"WebSite\",\"@id\":\"https:\/\/www.wittker-partners.com\/engineering\/#website\",\"url\":\"https:\/\/www.wittker-partners.com\/engineering\/\",\"name\":\"Engineering\",\"description\":\"\",\"potentialAction\":[{\"@type\":\"SearchAction\",\"target\":{\"@type\":\"EntryPoint\",\"urlTemplate\":\"https:\/\/www.wittker-partners.com\/engineering\/?s={search_term_string}\"},\"query-input\":\"required name=search_term_string\"}],\"inLanguage\":\"en-US\"}]}<\/script>\n<!-- \/ Yoast SEO plugin. -->","yoast_head_json":{"title":"IMPRESSUM - Engineering","robots":{"index":"index","follow":"follow","max-snippet":"max-snippet:-1","max-image-preview":"max-image-preview:large","max-video-preview":"max-video-preview:-1"},"canonical":"https:\/\/www.wittker-partners.com\/engineering\/impressum\/","og_locale":"en_US","og_type":"article","og_title":"IMPRESSUM - Engineering","og_url":"https:\/\/www.wittker-partners.com\/engineering\/impressum\/","og_site_name":"Engineering","article_modified_time":"2023-05-16T12:24:17+00:00","twitter_card":"summary_large_image","twitter_misc":{"Est. reading time":"8 minutes"},"schema":{"@context":"https:\/\/schema.org","@graph":[{"@type":"WebPage","@id":"https:\/\/www.wittker-partners.com\/engineering\/impressum\/","url":"https:\/\/www.wittker-partners.com\/engineering\/impressum\/","name":"IMPRESSUM - Engineering","isPartOf":{"@id":"https:\/\/www.wittker-partners.com\/engineering\/#website"},"datePublished":"2023-04-21T06:09:44+00:00","dateModified":"2023-05-16T12:24:17+00:00","breadcrumb":{"@id":"https:\/\/www.wittker-partners.com\/engineering\/impressum\/#breadcrumb"},"inLanguage":"en-US","potentialAction":[{"@type":"ReadAction","target":["https:\/\/www.wittker-partners.com\/engineering\/impressum\/"]}]},{"@type":"BreadcrumbList","@id":"https:\/\/www.wittker-partners.com\/engineering\/impressum\/#breadcrumb","itemListElement":[{"@type":"ListItem","position":1,"name":"Home","item":"https:\/\/www.wittker-partners.com\/engineering\/"},{"@type":"ListItem","position":2,"name":"IMPRESSUM"}]},{"@type":"WebSite","@id":"https:\/\/www.wittker-partners.com\/engineering\/#website","url":"https:\/\/www.wittker-partners.com\/engineering\/","name":"Engineering","description":"","potentialAction":[{"@type":"SearchAction","target":{"@type":"EntryPoint","urlTemplate":"https:\/\/www.wittker-partners.com\/engineering\/?s={search_term_string}"},"query-input":"required name=search_term_string"}],"inLanguage":"en-US"}]}},"_links":{"self":[{"href":"https:\/\/www.wittker-partners.com\/engineering\/wp-json\/wp\/v2\/pages\/5298"}],"collection":[{"href":"https:\/\/www.wittker-partners.com\/engineering\/wp-json\/wp\/v2\/pages"}],"about":[{"href":"https:\/\/www.wittker-partners.com\/engineering\/wp-json\/wp\/v2\/types\/page"}],"author":[{"embeddable":true,"href":"https:\/\/www.wittker-partners.com\/engineering\/wp-json\/wp\/v2\/users\/1"}],"replies":[{"embeddable":true,"href":"https:\/\/www.wittker-partners.com\/engineering\/wp-json\/wp\/v2\/comments?post=5298"}],"version-history":[{"count":23,"href":"https:\/\/www.wittker-partners.com\/engineering\/wp-json\/wp\/v2\/pages\/5298\/revisions"}],"predecessor-version":[{"id":5396,"href":"https:\/\/www.wittker-partners.com\/engineering\/wp-json\/wp\/v2\/pages\/5298\/revisions\/5396"}],"wp:attachment":[{"href":"https:\/\/www.wittker-partners.com\/engineering\/wp-json\/wp\/v2\/media?parent=5298"}],"curies":[{"name":"wp","href":"https:\/\/api.w.org\/{rel}","templated":true}]}}