{"id":16,"date":"2023-03-14T12:19:49","date_gmt":"2023-03-14T12:19:49","guid":{"rendered":"http:\/\/www.wittker-partners.com\/personalberatung\/?page_id=16"},"modified":"2023-05-16T13:29:55","modified_gmt":"2023-05-16T13:29:55","slug":"home","status":"publish","type":"page","link":"https:\/\/www.wittker-partners.com\/personalberatung\/","title":{"rendered":"Home"},"content":{"rendered":"<p><div class=\"fusion-fullwidth fullwidth-box fusion-builder-row-1 fusion-flex-container has-pattern-background has-mask-background fusion-parallax-none nonhundred-percent-fullwidth non-hundred-percent-height-scrolling\" style=\"--awb-background-position:center top;--awb-border-radius-top-left:0px;--awb-border-radius-top-right:0px;--awb-border-radius-bottom-right:0px;--awb-border-radius-bottom-left:0px;--awb-padding-top:160px;--awb-padding-right:0px;--awb-padding-bottom:130px;--awb-padding-left:0px;--awb-padding-top-small:35px;--awb-padding-right-small:35px;--awb-padding-bottom-small:40px;--awb-padding-left-small:35px;--awb-margin-top:0px;--awb-margin-bottom:0px;--awb-background-color:var(--awb-color5);--awb-background-image:linear-gradient(230deg, rgba(25,47,56,0.4) 0%,#192e37 85%),url(http:\/\/www.wittker-partners.com\/personalberatung\/wp-content\/uploads\/sites\/3\/2023\/04\/iStock-1365436662.jpg);;--awb-background-size:cover;\" ><div class=\"fusion-builder-row fusion-row fusion-flex-align-items-flex-start\" style=\"max-width:1248px;margin-left: calc(-4% \/ 2 );margin-right: calc(-4% \/ 2 );\"><div class=\"fusion-layout-column fusion_builder_column fusion-builder-column-0 fusion_builder_column_2_3 2_3 fusion-flex-column\" style=\"--awb-padding-top:0px;--awb-padding-right:0px;--awb-padding-bottom:0px;--awb-padding-left:0px;--awb-padding-left-medium:20px;--awb-padding-top-small:0px;--awb-padding-right-small:0px;--awb-padding-bottom-small:0px;--awb-padding-left-small:0px;--awb-bg-size:cover;--awb-border-color:hsla(calc(12 + 31),100%,71%,100%);--awb-border-left:0;--awb-border-style:solid;--awb-width-large:66.666666666667%;--awb-margin-top-large:0px;--awb-spacing-right-large:2.88%;--awb-margin-bottom-large:0px;--awb-spacing-left-large:36px;--awb-width-medium:66.666666666667%;--awb-order-medium:0;--awb-spacing-right-medium:2.88%;--awb-spacing-left-medium:36px;--awb-width-small:100%;--awb-order-small:0;--awb-spacing-right-small:1.92%;--awb-spacing-left-small:1.92%;\"><div class=\"fusion-column-wrapper fusion-column-has-shadow fusion-flex-justify-content-flex-start fusion-content-layout-column\"><div class=\"fusion-title title fusion-title-1 fusion-sep-none fusion-title-text fusion-title-size-one cust-font-size\" style=\"--awb-text-color:#ffffff;--awb-margin-top:0px;--awb-margin-bottom:20px;--awb-font-size:58px;\"><h1 class=\"title-heading-left fusion-responsive-typography-calculated\" style=\"font-family:&quot;TT Commons Medium&quot;;font-style:normal;font-weight:400;margin:0;font-size:1em;text-transform:var(--awb-typography1-text-transform);--fontSize:58;line-height:var(--awb-typography1-line-height);\">F\u00fchrungskr\u00e4fte, die Unternehmen zum Erfolg f\u00fchren<\/h1><\/div><div class=\"fusion-title title fusion-title-2 fusion-sep-none fusion-title-text fusion-title-size-four cust-font-size\" style=\"--awb-text-color:#ffffff;--awb-margin-top:0px;--awb-margin-bottom:20px;--awb-font-size:26px;\"><h4 class=\"title-heading-left fusion-responsive-typography-calculated\" style=\"font-family:&quot;TT Commons Light&quot;;font-style:normal;font-weight:400;margin:0;font-size:1em;letter-spacing:var(--awb-typography1-letter-spacing);text-transform:var(--awb-typography1-text-transform);--fontSize:26;line-height:var(--awb-typography1-line-height);\">Verl\u00e4ssliches &amp; kompetentes Direct Search seit 2006 &#8211; regional, national und international<\/h4><\/div><\/div><\/div><\/div><\/div><div class=\"fusion-fullwidth fullwidth-box fusion-builder-row-2 fusion-flex-container has-pattern-background has-mask-background nonhundred-percent-fullwidth non-hundred-percent-height-scrolling\" style=\"--awb-border-radius-top-left:0px;--awb-border-radius-top-right:0px;--awb-border-radius-bottom-right:0px;--awb-border-radius-bottom-left:0px;--awb-padding-bottom:120px;--awb-padding-right-small:0px;--awb-padding-bottom-small:20px;--awb-padding-left-small:0px;--awb-background-color:#ffffff;\" ><div class=\"fusion-builder-row fusion-row fusion-flex-align-items-stretch\" style=\"max-width:1248px;margin-left: calc(-4% \/ 2 );margin-right: calc(-4% \/ 2 );\"><div class=\"fusion-layout-column fusion_builder_column fusion-builder-column-1 fusion_builder_column_1_3 1_3 fusion-flex-column three-boxes fusion-column-inner-bg-wrapper\" style=\"--awb-padding-top-small:0px;--awb-padding-right-small:30px;--awb-padding-bottom-small:30px;--awb-padding-left-small:30px;--awb-inner-bg-size:cover;--awb-border-color:var(--awb-color4);--awb-border-top:0px;--awb-border-right:0px;--awb-border-left:0px;--awb-border-style:solid;--awb-transform:translateX(0px) translateY(0px);--awb-transform-hover:translateX(8px) translateY(8px);--awb-width-large:33.333333333333%;--awb-margin-top-large:-80px;--awb-spacing-right-large:5.76%;--awb-margin-bottom-large:0px;--awb-spacing-left-large:5.76%;--awb-width-medium:50%;--awb-order-medium:0;--awb-margin-top-medium:30px;--awb-spacing-right-medium:3.84%;--awb-spacing-left-medium:3.84%;--awb-width-small:100%;--awb-order-small:0;--awb-spacing-right-small:0px;--awb-spacing-left-small:0px;\"><span class=\"fusion-column-inner-bg hover-type-zoomin\"><a class=\"fusion-column-anchor\" href=\"http:\/\/www.wittker-partners.com\/personalberatung\/ihr-vorteil\/\"><span class=\"fusion-column-inner-bg-image\"><\/span><\/a><\/span><div class=\"fusion-column-wrapper fusion-column-has-shadow fusion-flex-justify-content-flex-start fusion-content-layout-column\"><div class=\"fusion-title title fusion-title-3 fusion-sep-none fusion-title-center fusion-title-text fusion-title-size-four cust-title\" style=\"--awb-text-color:var(--awb-color5);--awb-margin-top:0px;--awb-margin-bottom:0px;--awb-margin-top-small:0px;--awb-margin-bottom-small:0px;--awb-margin-top-medium:0px;--awb-margin-right-medium:0px;--awb-margin-bottom-medium:0px;--awb-margin-left-medium:0px;--awb-font-size:26px;\"><h4 class=\"title-heading-center fusion-responsive-typography-calculated\" style=\"font-family:&quot;TT Commons Medium&quot;;margin:0;font-size:1em;text-transform:capitalize;--fontSize:26;line-height:1.3;\">F\u00dcR UNTERNEHMEN<\/h4><\/div><div class=\"fusion-image-element \" style=\"text-align:center;--awb-aspect-ratio:3 \/ 2;--awb-object-position:48% 55%;--awb-margin-top:0px;--awb-margin-right:0px;--awb-margin-bottom:0px;--awb-margin-left:0px;--awb-caption-title-size:var(--h2_typography-font-size);--awb-caption-title-transform:var(--h2_typography-text-transform);--awb-caption-title-line-height:var(--h2_typography-line-height);--awb-caption-title-letter-spacing:var(--h2_typography-letter-spacing);\"><span class=\" fusion-imageframe imageframe-none imageframe-1 hover-type-none has-aspect-ratio\"><img decoding=\"async\" width=\"1920\" height=\"1272\" title=\"man-g088d1203c_1920\" src=\"http:\/\/www.wittker-partners.com\/personalberatung\/wp-content\/uploads\/sites\/3\/2023\/04\/man-g088d1203c_1920.jpg\" class=\"img-responsive wp-image-4705 img-with-aspect-ratio\" alt srcset=\"https:\/\/www.wittker-partners.com\/personalberatung\/wp-content\/uploads\/sites\/3\/2023\/04\/man-g088d1203c_1920-200x133.jpg 200w, https:\/\/www.wittker-partners.com\/personalberatung\/wp-content\/uploads\/sites\/3\/2023\/04\/man-g088d1203c_1920-400x265.jpg 400w, https:\/\/www.wittker-partners.com\/personalberatung\/wp-content\/uploads\/sites\/3\/2023\/04\/man-g088d1203c_1920-600x398.jpg 600w, https:\/\/www.wittker-partners.com\/personalberatung\/wp-content\/uploads\/sites\/3\/2023\/04\/man-g088d1203c_1920-800x530.jpg 800w, https:\/\/www.wittker-partners.com\/personalberatung\/wp-content\/uploads\/sites\/3\/2023\/04\/man-g088d1203c_1920-1200x795.jpg 1200w, https:\/\/www.wittker-partners.com\/personalberatung\/wp-content\/uploads\/sites\/3\/2023\/04\/man-g088d1203c_1920.jpg 1920w\" sizes=\"(max-width: 768px) 100vw, 400px\" \/><\/span><\/div><div class=\"fusion-title title fusion-title-4 fusion-sep-none fusion-title-text fusion-title-size-four box-description\" style=\"--awb-text-color:var(--awb-color2);--awb-margin-top:28px;--awb-margin-bottom:0px;--awb-font-size:20px;\"><h4 class=\"title-heading-left fusion-responsive-typography-calculated\" style=\"font-family:&quot;TT Commons Medium&quot;;font-style:normal;font-weight:400;margin:0;font-size:1em;--fontSize:20;--minFontSize:20;line-height:1.3;\">Die Mitarbeiter sind das Herzst\u00fcck eines jeden Unternehmens.<\/h4><\/div><div class=\"fusion-text fusion-text-1 fusion-text-no-margin cust-btn-align-bottom box-description\" style=\"--awb-font-size:20px;--awb-line-height:1.3;--awb-letter-spacing:0px;--awb-text-transform:var(--awb-typography4-text-transform);--awb-text-color:var(--awb-color2);--awb-margin-top:5px;--awb-margin-right:0px;--awb-margin-bottom:0px;--awb-margin-left:0px;--awb-text-font-family:&quot;TT Commons Light&quot;;--awb-text-font-style:normal;--awb-text-font-weight:400;\"><p>Doch heutzutage ist es mehr als schwierig, leidenschaftliche und engagierte Mitarbeiter mit dem n\u00f6tigen Know-How zu finden. Verlassen Sie sich auf unsere jahrelange Erfahrung, um f\u00fcr Sie die passenden Kandidaten zu finden.<\/p>\n<\/div><\/div><\/div><div class=\"fusion-layout-column fusion_builder_column fusion-builder-column-2 fusion_builder_column_1_3 1_3 fusion-flex-column three-boxes fusion-column-inner-bg-wrapper\" style=\"--awb-padding-right-small:30px;--awb-padding-bottom-small:30px;--awb-padding-left-small:30px;--awb-inner-bg-size:cover;--awb-border-color:var(--awb-color4);--awb-border-top:0px;--awb-border-right:0px;--awb-border-left:0px;--awb-border-style:solid;--awb-transform:translateX(0px) translateY(0px);--awb-transform-hover:translateX(8px) translateY(8px);--awb-width-large:33.333333333333%;--awb-margin-top-large:-80px;--awb-spacing-right-large:5.76%;--awb-margin-bottom-large:0px;--awb-spacing-left-large:5.76%;--awb-width-medium:50%;--awb-order-medium:0;--awb-margin-top-medium:30px;--awb-spacing-right-medium:3.84%;--awb-spacing-left-medium:3.84%;--awb-width-small:100%;--awb-order-small:0;--awb-spacing-right-small:0;--awb-spacing-left-small:0;\"><span class=\"fusion-column-inner-bg hover-type-zoomin\"><a class=\"fusion-column-anchor\" href=\"http:\/\/www.wittker-partners.com\/personalberatung\/fur-kandidaten\/\"><span class=\"fusion-column-inner-bg-image\"><\/span><\/a><\/span><div class=\"fusion-column-wrapper fusion-column-has-shadow fusion-flex-justify-content-flex-start fusion-content-layout-column\"><div class=\"fusion-title title fusion-title-5 fusion-sep-none fusion-title-center fusion-title-text fusion-title-size-four cust-title\" style=\"--awb-text-color:var(--awb-color5);--awb-margin-top:0px;--awb-margin-bottom:0px;--awb-margin-top-small:0px;--awb-margin-bottom-small:0px;--awb-margin-top-medium:0px;--awb-margin-right-medium:0px;--awb-margin-bottom-medium:0px;--awb-margin-left-medium:0px;--awb-font-size:26px;\"><h4 class=\"title-heading-center fusion-responsive-typography-calculated\" style=\"font-family:&quot;TT Commons Medium&quot;;font-style:normal;font-weight:400;margin:0;font-size:1em;text-transform:capitalize;--fontSize:26;line-height:1.3;\">F\u00dcR KANDIDATEN<\/h4><\/div><div class=\"fusion-image-element \" style=\"text-align:center;--awb-margin-top:0px;--awb-margin-right:0px;--awb-margin-bottom:0px;--awb-margin-left:0px;--awb-margin-top-medium:0px;--awb-margin-right-medium:0px;--awb-margin-bottom-medium:0px;--awb-margin-left-medium:0px;--awb-margin-top-small:0px;--awb-margin-right-small:0px;--awb-margin-bottom-small:0px;--awb-margin-left-small:0px;--awb-caption-title-size:var(--h2_typography-font-size);--awb-caption-title-transform:var(--h2_typography-text-transform);--awb-caption-title-line-height:var(--h2_typography-line-height);--awb-caption-title-letter-spacing:var(--h2_typography-letter-spacing);\"><span class=\" fusion-imageframe imageframe-none imageframe-2 hover-type-none\"><img decoding=\"async\" src=\"http:\/\/www.wittker-partners.com\/engineering\/wp-content\/uploads\/sites\/2\/2023\/02\/Fur-Kandidaten.jpg\" alt class=\"img-responsive\"\/><\/span><\/div><div class=\"fusion-title title fusion-title-6 fusion-sep-none fusion-title-text fusion-title-size-four\" style=\"--awb-text-color:var(--awb-color2);--awb-margin-top:28px;--awb-margin-bottom:0px;--awb-font-size:20px;\"><h4 class=\"title-heading-left fusion-responsive-typography-calculated\" style=\"font-family:&quot;TT Commons Medium&quot;;font-style:normal;font-weight:400;margin:0;font-size:1em;--fontSize:20;--minFontSize:20;line-height:1.3;\">Sie m\u00f6chten den n\u00e4chsten Schritt auf der Karriereleiter machen, dabei aber nichts dem Zufall \u00fcberlassen?<\/h4><\/div><div class=\"fusion-text fusion-text-2 fusion-text-no-margin cust-btn-align-bottom box-description\" style=\"--awb-font-size:20px;--awb-line-height:1.3;--awb-letter-spacing:0px;--awb-text-transform:var(--awb-typography4-text-transform);--awb-text-color:var(--awb-color2);--awb-margin-top:5px;--awb-margin-right:0px;--awb-margin-bottom:0px;--awb-margin-left:0px;--awb-text-font-family:&quot;TT Commons Light&quot;;--awb-text-font-style:normal;--awb-text-font-weight:400;\"><p>Dann sind Sie bei uns genau richtig. Wir unterst\u00fctzen Sie dabei den richtigen Job zu finden und begleiten Sie vom Bewerbungsgespr\u00e4ch \u00fcber die Gehaltsverhandlung bis hin zur Einstellung.<\/p>\n<\/div><\/div><\/div><div class=\"fusion-layout-column fusion_builder_column fusion-builder-column-3 fusion_builder_column_1_3 1_3 fusion-flex-column three-boxes fusion-column-inner-bg-wrapper\" style=\"--awb-padding-right-small:30px;--awb-padding-bottom-small:30px;--awb-padding-left-small:30px;--awb-inner-bg-size:cover;--awb-border-color:var(--awb-color4);--awb-border-top:0px;--awb-border-right:0px;--awb-border-left:0px;--awb-border-style:solid;--awb-transform:translateX(0px) translateY(0px);--awb-transform-hover:translateX(8px) translateY(8px);--awb-width-large:33.333333333333%;--awb-margin-top-large:-80px;--awb-spacing-right-large:5.76%;--awb-margin-bottom-large:0px;--awb-spacing-left-large:5.76%;--awb-width-medium:50%;--awb-order-medium:0;--awb-margin-top-medium:30px;--awb-spacing-right-medium:3.84%;--awb-spacing-left-medium:3.84%;--awb-width-small:100%;--awb-order-small:0;--awb-spacing-right-small:0;--awb-spacing-left-small:0;\"><span class=\"fusion-column-inner-bg hover-type-zoomin\"><a class=\"fusion-column-anchor\" href=\"http:\/\/www.wittker-partners.com\/personalberatung\/stellenmarkt\/\"><span class=\"fusion-column-inner-bg-image\"><\/span><\/a><\/span><div class=\"fusion-column-wrapper fusion-column-has-shadow fusion-flex-justify-content-flex-start fusion-content-layout-column\"><div class=\"fusion-title title fusion-title-7 fusion-sep-none fusion-title-center fusion-title-text fusion-title-size-four cust-title\" style=\"--awb-text-color:var(--awb-color5);--awb-margin-top:0px;--awb-margin-bottom:0px;--awb-margin-top-small:0px;--awb-margin-bottom-small:0px;--awb-margin-top-medium:0px;--awb-margin-right-medium:0px;--awb-margin-bottom-medium:0px;--awb-margin-left-medium:0px;--awb-font-size:26px;\"><h4 class=\"title-heading-center fusion-responsive-typography-calculated\" style=\"font-family:&quot;TT Commons Medium&quot;;font-style:normal;font-weight:400;margin:0;font-size:1em;text-transform:capitalize;--fontSize:26;line-height:1.3;\">STELLENMARKT<\/h4><\/div><div class=\"fusion-image-element \" style=\"text-align:center;--awb-margin-top:0px;--awb-margin-right:0px;--awb-margin-bottom:0px;--awb-margin-left:0px;--awb-caption-title-size:var(--h2_typography-font-size);--awb-caption-title-transform:var(--h2_typography-text-transform);--awb-caption-title-line-height:var(--h2_typography-line-height);--awb-caption-title-letter-spacing:var(--h2_typography-letter-spacing);\"><span class=\" fusion-imageframe imageframe-none imageframe-3 hover-type-none\"><img decoding=\"async\" src=\"http:\/\/www.wittker-partners.com\/engineering\/wp-content\/uploads\/sites\/2\/2023\/03\/iStock-1395474771.jpg\" alt class=\"img-responsive\"\/><\/span><\/div><div class=\"fusion-title title fusion-title-8 fusion-sep-none fusion-title-text fusion-title-size-four cust-btn-align-bottom box-description\" style=\"--awb-text-color:var(--awb-color2);--awb-margin-top:28px;--awb-margin-bottom:0px;--awb-font-size:20px;\"><h4 class=\"title-heading-left fusion-responsive-typography-calculated\" style=\"font-family:&quot;TT Commons Medium&quot;;font-style:normal;font-weight:400;margin:0;font-size:1em;--fontSize:20;--minFontSize:20;line-height:1.3;\">Hier finden Sie aktuelle Stellenausschreibungen aus dem Bereich Direct Search.<\/h4><\/div><\/div><\/div><\/div><\/div><div class=\"fusion-fullwidth fullwidth-box fusion-builder-row-3 fusion-flex-container has-pattern-background has-mask-background nonhundred-percent-fullwidth non-hundred-percent-height-scrolling\" style=\"--awb-border-radius-top-left:0px;--awb-border-radius-top-right:0px;--awb-border-radius-bottom-right:0px;--awb-border-radius-bottom-left:0px;--awb-margin-top:0px;--awb-margin-bottom:60px;--awb-margin-top-small:10px;--awb-margin-bottom-small:0px;\" ><div class=\"fusion-builder-row fusion-row fusion-flex-align-items-flex-start\" style=\"max-width:1248px;margin-left: calc(-4% \/ 2 );margin-right: calc(-4% \/ 2 );\"><div class=\"fusion-layout-column fusion_builder_column fusion-builder-column-4 fusion_builder_column_1_2 1_2 fusion-flex-column\" style=\"--awb-bg-size:cover;--awb-width-large:50%;--awb-margin-top-large:0px;--awb-spacing-right-large:3.84%;--awb-margin-bottom-large:20px;--awb-spacing-left-large:3.84%;--awb-width-medium:50%;--awb-order-medium:0;--awb-spacing-right-medium:3.84%;--awb-spacing-left-medium:3.84%;--awb-width-small:100%;--awb-order-small:0;--awb-spacing-right-small:1.92%;--awb-spacing-left-small:1.92%;\"><div class=\"fusion-column-wrapper fusion-column-has-shadow fusion-flex-justify-content-flex-start fusion-content-layout-column\"><div class=\"fusion-title title fusion-title-9 fusion-sep-none fusion-title-text fusion-title-size-one\" style=\"--awb-text-color:var(--awb-color2);--awb-margin-top:0px;--awb-margin-bottom:0px;--awb-font-size:58px;\"><h1 class=\"title-heading-left fusion-responsive-typography-calculated\" style=\"font-family:&quot;TT Commons Light&quot;;font-style:normal;font-weight:400;margin:0;font-size:1em;--fontSize:58;line-height:1.2;\">DIENSTLEISTUNGEN \u00dcBER DIE GRENZEN HINAUS<\/h1><\/div><\/div><\/div><div class=\"fusion-layout-column fusion_builder_column fusion-builder-column-5 fusion_builder_column_1_2 1_2 fusion-flex-column\" style=\"--awb-bg-size:cover;--awb-width-large:50%;--awb-margin-top-large:0px;--awb-spacing-right-large:3.84%;--awb-margin-bottom-large:20px;--awb-spacing-left-large:3.84%;--awb-width-medium:50%;--awb-order-medium:0;--awb-spacing-right-medium:3.84%;--awb-spacing-left-medium:3.84%;--awb-width-small:100%;--awb-order-small:0;--awb-spacing-right-small:1.92%;--awb-spacing-left-small:1.92%;\"><div class=\"fusion-column-wrapper fusion-column-has-shadow fusion-flex-justify-content-flex-start fusion-content-layout-column\"><div class=\"fusion-text fusion-text-3\" style=\"--awb-font-size:26px;--awb-line-height:1.2;--awb-text-color:var(--awb-color2);--awb-text-font-family:&quot;TT Commons Light&quot;;--awb-text-font-style:normal;--awb-text-font-weight:400;\"><p>Wittker + Partners GmbH zeichnet sich durch individuelle Kundenbetreuung aus. Nicht nur an Ihrem lokalen Standort, sondern auch an anderen Standorten national und international sind wir f\u00fcr Sie da. F\u00fcr das internationale Recruiting verf\u00fcgen wir \u00fcber qualifizierte Experten, die das jeweilige Land, dessen Umfeld und potentielle Kandidaten kennen.<\/p>\n<\/div><\/div><\/div><\/div><\/div><\/p>\n","protected":false},"excerpt":{"rendered":"","protected":false},"author":1,"featured_media":0,"parent":0,"menu_order":0,"comment_status":"closed","ping_status":"closed","template":"100-width.php","meta":[],"yoast_head":"<!-- This site is optimized with the Yoast SEO plugin v20.2.1 - https:\/\/yoast.com\/wordpress\/plugins\/seo\/ -->\n<title>Home - Personalberatung<\/title>\n<meta name=\"robots\" content=\"index, follow, max-snippet:-1, max-image-preview:large, max-video-preview:-1\" \/>\n<link rel=\"canonical\" href=\"https:\/\/www.wittker-partners.com\/personalberatung\/\" \/>\n<meta property=\"og:locale\" content=\"en_US\" \/>\n<meta property=\"og:type\" content=\"article\" \/>\n<meta property=\"og:title\" content=\"Home - Personalberatung\" \/>\n<meta property=\"og:url\" content=\"https:\/\/www.wittker-partners.com\/personalberatung\/\" \/>\n<meta property=\"og:site_name\" content=\"Personalberatung\" \/>\n<meta property=\"article:modified_time\" content=\"2023-05-16T13:29:55+00:00\" \/>\n<meta name=\"twitter:card\" content=\"summary_large_image\" \/>\n<meta name=\"twitter:label1\" content=\"Est. reading time\" \/>\n\t<meta name=\"twitter:data1\" content=\"12 minutes\" \/>\n<script type=\"application\/ld+json\" class=\"yoast-schema-graph\">{\"@context\":\"https:\/\/schema.org\",\"@graph\":[{\"@type\":\"WebPage\",\"@id\":\"https:\/\/www.wittker-partners.com\/personalberatung\/\",\"url\":\"https:\/\/www.wittker-partners.com\/personalberatung\/\",\"name\":\"Home - Personalberatung\",\"isPartOf\":{\"@id\":\"https:\/\/www.wittker-partners.com\/personalberatung\/#website\"},\"datePublished\":\"2023-03-14T12:19:49+00:00\",\"dateModified\":\"2023-05-16T13:29:55+00:00\",\"breadcrumb\":{\"@id\":\"https:\/\/www.wittker-partners.com\/personalberatung\/#breadcrumb\"},\"inLanguage\":\"en-US\",\"potentialAction\":[{\"@type\":\"ReadAction\",\"target\":[\"https:\/\/www.wittker-partners.com\/personalberatung\/\"]}]},{\"@type\":\"BreadcrumbList\",\"@id\":\"https:\/\/www.wittker-partners.com\/personalberatung\/#breadcrumb\",\"itemListElement\":[{\"@type\":\"ListItem\",\"position\":1,\"name\":\"Home\",\"item\":\"https:\/\/www.wittker-partners.com\/personalberatung\/\"},{\"@type\":\"ListItem\",\"position\":2,\"name\":\"Home\"}]},{\"@type\":\"WebSite\",\"@id\":\"https:\/\/www.wittker-partners.com\/personalberatung\/#website\",\"url\":\"https:\/\/www.wittker-partners.com\/personalberatung\/\",\"name\":\"Personalberatung\",\"description\":\"\",\"potentialAction\":[{\"@type\":\"SearchAction\",\"target\":{\"@type\":\"EntryPoint\",\"urlTemplate\":\"https:\/\/www.wittker-partners.com\/personalberatung\/?s={search_term_string}\"},\"query-input\":\"required name=search_term_string\"}],\"inLanguage\":\"en-US\"}]}<\/script>\n<!-- \/ Yoast SEO plugin. -->","yoast_head_json":{"title":"Home - Personalberatung","robots":{"index":"index","follow":"follow","max-snippet":"max-snippet:-1","max-image-preview":"max-image-preview:large","max-video-preview":"max-video-preview:-1"},"canonical":"https:\/\/www.wittker-partners.com\/personalberatung\/","og_locale":"en_US","og_type":"article","og_title":"Home - Personalberatung","og_url":"https:\/\/www.wittker-partners.com\/personalberatung\/","og_site_name":"Personalberatung","article_modified_time":"2023-05-16T13:29:55+00:00","twitter_card":"summary_large_image","twitter_misc":{"Est. reading time":"12 minutes"},"schema":{"@context":"https:\/\/schema.org","@graph":[{"@type":"WebPage","@id":"https:\/\/www.wittker-partners.com\/personalberatung\/","url":"https:\/\/www.wittker-partners.com\/personalberatung\/","name":"Home - Personalberatung","isPartOf":{"@id":"https:\/\/www.wittker-partners.com\/personalberatung\/#website"},"datePublished":"2023-03-14T12:19:49+00:00","dateModified":"2023-05-16T13:29:55+00:00","breadcrumb":{"@id":"https:\/\/www.wittker-partners.com\/personalberatung\/#breadcrumb"},"inLanguage":"en-US","potentialAction":[{"@type":"ReadAction","target":["https:\/\/www.wittker-partners.com\/personalberatung\/"]}]},{"@type":"BreadcrumbList","@id":"https:\/\/www.wittker-partners.com\/personalberatung\/#breadcrumb","itemListElement":[{"@type":"ListItem","position":1,"name":"Home","item":"https:\/\/www.wittker-partners.com\/personalberatung\/"},{"@type":"ListItem","position":2,"name":"Home"}]},{"@type":"WebSite","@id":"https:\/\/www.wittker-partners.com\/personalberatung\/#website","url":"https:\/\/www.wittker-partners.com\/personalberatung\/","name":"Personalberatung","description":"","potentialAction":[{"@type":"SearchAction","target":{"@type":"EntryPoint","urlTemplate":"https:\/\/www.wittker-partners.com\/personalberatung\/?s={search_term_string}"},"query-input":"required name=search_term_string"}],"inLanguage":"en-US"}]}},"_links":{"self":[{"href":"https:\/\/www.wittker-partners.com\/personalberatung\/wp-json\/wp\/v2\/pages\/16"}],"collection":[{"href":"https:\/\/www.wittker-partners.com\/personalberatung\/wp-json\/wp\/v2\/pages"}],"about":[{"href":"https:\/\/www.wittker-partners.com\/personalberatung\/wp-json\/wp\/v2\/types\/page"}],"author":[{"embeddable":true,"href":"https:\/\/www.wittker-partners.com\/personalberatung\/wp-json\/wp\/v2\/users\/1"}],"replies":[{"embeddable":true,"href":"https:\/\/www.wittker-partners.com\/personalberatung\/wp-json\/wp\/v2\/comments?post=16"}],"version-history":[{"count":58,"href":"https:\/\/www.wittker-partners.com\/personalberatung\/wp-json\/wp\/v2\/pages\/16\/revisions"}],"predecessor-version":[{"id":4808,"href":"https:\/\/www.wittker-partners.com\/personalberatung\/wp-json\/wp\/v2\/pages\/16\/revisions\/4808"}],"wp:attachment":[{"href":"https:\/\/www.wittker-partners.com\/personalberatung\/wp-json\/wp\/v2\/media?parent=16"}],"curies":[{"name":"wp","href":"https:\/\/api.w.org\/{rel}","templated":true}]}}